
600
Let m(h) = 4988*h**2 - 109756*h + 426. Determine m(22).
-14
Let u(v) = -4545*v - 404534. Calculate u(-89).
-29
Let p(v) = -151479*v + 43322990. Determine p(286).
-4
Let y(i) = i**3 - 64*i**2 + 845*i + 218. Calculate y(46).
1000
Let y(d) = -1074*d - 25886. Give y(-24).
-110
Let m(o) = -o**3 + 65*o**2 - 700*o - 4093. Give m(49).
23
Let d(y) = 42*y**2 - 202*y - 1424. Determine d(-7).
2048
Let a(q) = 3*q**2 - 685*q - 6350. What is a(-9)?
58
Let j(t) = -2*t**3 + 26*t**2 - 4096*t + 48856. Determine j(12).
-8
Let h(y) = 3*y**3 - 693*y**2 - 795*y + 183642. Calculate h(231).
-3
Let n(d) = -3*d**3 + 166*d**2 - 637*d + 6. What is n(51)?
1332
Let y(t) = t**2 + 67*t - 13482. What is y(71)?
-3684
Let a(o) = 510*o - 2342. Calculate a(6).
718
Let v(i) = -2*i**3 + 633*i**2 - 204*i - 35509. Give v(316).
-117
Let z(j) = -j**2 - 3564*j + 180265. Determine z(50).
-435
Let i(z) = -4*z**2 + 383*z + 12074. Give i(-25).
-1
Let c(w) = -642*w**2 + 16*w - 16. Determine c(1).
-642
Let y(o) = 3*o**3 + 1523*o - 6099. Give y(4).
185
Let a(y) = -5571*y + 6350893. Determine a(1140).
-47
Let u(l) = -l**2 + 7244*l + 1850277. What is u(-247)?
0
Let w(f) = f**3 - 12*f**2 + 182*f - 1488. Give w(9).
-93
Let o(g) = 5*g**3 - 8*g**2 + 24*g - 50. What is o(2)?
6
Let q(w) = -4*w**2 - 78*w - 191. Determine q(-24).
-623
Let v(b) = 156*b + 340. What is v(-2)?
28
Let k(x) = 1514*x + 245264. What is k(-162)?
-4
Let y(k) = 9*k + 104. What is y(-3)?
77
Let v(z) = 204*z + 6084. Calculate v(-33).
-648
Let a(c) = 2111*c - 1915. Determine a(1).
196
Let b(o) = -651*o - 138674. Give b(-213).
-11
Let a(c) = -1230*c**2 + 142659*c + 2436. Give a(116).
0
Let s(f) = -f**3 - 14*f**2 - 59*f - 5. Give s(-12).
415
Let z(b) = 25*b**3 - 568*b**2 - 787*b + 308. Calculate z(24).
-148
Let q(r) = 2*r**2 - 109758*r + 2852352. Calculate q(26).
-4
Let a(g) = -8*g**3 + 100*g**2 - 1374*g + 13663. What is a(11)?
1
Let w(u) = 2*u**3 - 34*u**2 + 125*u - 1141. What is w(15)?
-166
Let r(g) = -28*g**3 - 7*g**2 - 16*g + 19. Determine r(-3).
760
Let f(g) = -g**3 - 471*g**2 + 1425*g + 1410. Calculate f(-474).
-12
Let x(r) = -1443*r - 106790. What is x(-74)?
-8
Let i(x) = 2*x**2 - 247*x + 2767. Determine i(111).
-8
Let o(r) = r**3 + 144*r**2 - 24400*r + 98. Calculate o(-244).
98
Let v(l) = l**3 - 8*l**2 - 216*l + 668. Give v(3).
-25
Let y(g) = -16*g**2 - 4624*g + 32372. Determine y(7).
-780
Let b(m) = m**2 - 232*m + 10644. Calculate b(99).
-2523
Let o(y) = 9733*y + 2345641. Determine o(-241).
-12
Let z(q) = 4594*q**2 - 9213*q - 13. What is z(2)?
-63
Let y(q) = 8*q**2 + 1819*q + 12327. Calculate y(-7).
-14
Let c(m) = -7*m**2 + 860*m + 146. Give c(123).
23
Let y(z) = 35779*z - 143485. Give y(4).
-369
Let g(c) = 2083*c**2 + 114566*c - 15. What is g(-55)?
-70
Let g(x) = 768*x**3 + 3858*x**2 - 4*x - 7. Give g(-5).
463
Let d(n) = 219426*n - 658334. Determine d(3).
-56
Let q(h) = 2*h**3 - 11325*h**2 + 67873*h + 11. Determine q(6).
-19
Let i(y) = -187*y**2 - 33286*y - 8. Calculate i(-178).
-8
Let m(x) = 41*x - 56. Determine m(17).
641
Let r(f) = -69009*f - 9109191. Calculate r(-132).
-3
Let f(k) = 16*k**3 - 1012*k**2 + 15135*k - 109. Determine f(39).
8
Let l(k) = -3*k**3 + 5143*k**2 + 25780*k - 1. Determine l(-5).
49
Let h(k) = 1294*k + 443856. Determine h(-343).
14
Let t(r) = r**3 - 57*r**2 + 782*r + 236. Determine t(21).
782
Let h(b) = -9278*b**2 - 37046*b + 253. Give h(-4).
-11
Let j(m) = -m**2 + 26*m + 139. Calculate j(30).
19
Let a(x) = -18712*x - 1104030. Calculate a(-59).
-22
Let i(b) = b**2 + 3303*b + 85180. Calculate i(-26).
-22
Let z(q) = -10*q**3 + 487*q**2 - 636*q - 7670. What is z(47)?
-9
Let k(f) = 3*f**3 - 26*f**2 + 126*f - 902. Give k(8).
-22
Let q(g) = g**2 + 22007*g - 44012. Calculate q(2).
6
Let m(u) = 6*u**2 + 127538*u + 17. What is m(0)?
17
Let v(z) = 1631*z**2 + 9776*z - 19. Give v(-6).
41
Let g(j) = 19473995*j - 38947993. Give g(2).
-3
Let v(c) = -50*c**3 - 630*c**2 + 272*c + 122. What is v(-13)?
-34
Let i(k) = -2*k**3 + 28*k**2 - 90*k - 98. Give i(10).
-198
Let i(l) = 2241*l + 150145. Calculate i(-67).
-2
Let m(y) = 2*y**2 + 191*y - 1198. What is m(-108)?
1502
Let z(x) = 107*x**2 - 1533*x + 222. What is z(15)?
1302
Let o(d) = -2*d**2 + 307*d - 11787. What is o(74)?
-21
Let i(l) = l**3 - 85*l**2 + 1549*l + 501. Give i(27).
42
Let i(t) = 6764*t - 13541. Determine i(2).
-13
Let d(z) = 3664*z - 31442. Give d(8).
-2130
Let o(f) = -3874*f + 3852. Determine o(1).
-22
Let c(a) = -186*a + 2997. What is c(8)?
1509
Let c(d) = 97*d - 1600. What is c(13)?
-339
Let r(o) = -911*o - 112065. What is r(-123)?
-12
Let i(j) = -1036150*j - 1036165. Calculate i(-1).
-15
Let j(c) = -1219*c**3 + 10*c**2 + 10*c + 3. Give j(-1).
1222
Let y(i) = i**3 + 192*i**2 - 2976*i - 18962. Calculate y(-206).
-10
Let w(a) = 27919*a + 84410. Give w(-3).
653
Let x(c) = 13591*c - 747478. What is x(55)?
27
Let j(i) = -120*i + 1596. What is j(26)?
-1524
Let z(g) = 6*g**2 + 113*g - 272. Give z(-24).
472
Let f(a) = -192*a - 483. Determine f(-3).
93
Let s(l) = -41068*l + 82206. What is s(2)?
70
Let l(z) = 37111*z + 741931. Calculate l(-20).
-289
Let b(d) = 73248*d - 366234. Give b(5).
6
Let o(b) = -184*b**2 + 1952*b - 1952. Calculate o(1).
-184
Let a(y) = 1174*y + 41678. Determine a(-36).
-586
Let l(k) = 25*k**2 + 3097*k + 51682. Calculate l(-104).
-6
Let z(c) = -c**3 + 50*c**2 + 399*c - 186. What is z(57)?
-186
Let t(q) = 1730*q - 1879. Calculate t(1).
-149
Let j(f) = f**2 - 3973*f - 35865. Determine j(-9).
-27
Let d(f) = f**3 - 37*f**2 - 682*f + 24477. Determine d(38).
5
Let j(h) = -772*h - 16999. Determine j(-22).
-15
Let y(w) = 8284*w - 33134. Determine y(4).
2
Let p(d) = d**3 + 59*d**2 + 169*d - 24. Calculate p(-56).
-80
Let m(f) = -18*f**2 - 309*f - 1311. Determine m(-7).
-30
Let y(x) = -49251*x + 344761. Calculate y(7).
4
Let m(d) = 1397*d - 375794. Determine m(269).
-1
Let n(v) = 26*v**2 - 2352*v + 27807. Determine n(14).
-25
Let c(u) = -83*u**2 - 31*u - 22. Calculate c(-1).
-74
Let w(i) = -50*i**2 + 1818*i - 324. Determine w(36).
324
Let h(b) = -823*b**2 - 129216*b - 784. Give h(-157).
1
Let a(w) = -18390*w - 1287309. Determine a(-70).
-9
Let k(u) = -u**3 - 22*u**2 - 15*u - 6. Calculate k(-7).
-636
Let a(v) = 3*v**2 + 612*v + 22101. What is a(-157)?
-36
Let p(a) = -6*a + 816. Give p(145).
-54
Let v(r) = 2*r**2 - 17*r - 6145. Determine v(81).
5600
Let l(p) = -p**3 - 32*p**2 - 66*p - 309. Determine l(-28).
-1597
Let j(i) = 426606*i + 426608. What is j(-1)?
2
Let a(b) = 16*b - 447. Determine a(39).
177
Let k(q) = q**3 + 450*q**2 + 30179*q + 107. Calculate k(-82).
-139
Let l(r) = 10621*r - 12124. Calculate l(1).
-1503
Let x(w) = 69961*w + 559674. Determine x(-8).
-14
Let l(a) = -151*a - 1746. Determine l(-14).
368
Let h(t) = t**2 - 375*t - 72018. What is h(-140)?
82
Let x(y) = 4*y**3 + 133*y**2 - 565*y - 61. What is x(-37)?
309
Let o(w) = -343150*w + 2745191. Calculate o(8).
-9
Let w(u) = 2*u**3 + 63*u**2 + 98*u + 224. What is w(-30)?
-16
Let b(x) = -136*x**3 + 3*x**2 - 23*x - 41. Calculate b(-2).
1105
Let l(i) = -62094*i + 4098209. What is l(66)?
5
Let q(r) = r**3 - 464*r**2 + 1359*r + 53. Give q(3).
-19
Let g(n) = 36*n**2 + 2673*n + 49599. Calculate g(-38).
9
Let w(t) = -25*t**2 - 25374*t + 9. Calculate w(0).
9
Let i(x) = 3*x**3 - 9*x**2 + 106*x - 452. Give i(4).
20
Let v(s) = -s**3 + 626*s**2 + 3034*s - 323829. Calculate v(630).
-9
Let g(m) = -60*m**3 - 9*m**2 - 6*m + 31. What is g(2)?
-497
Let r(k) = -233*k**2 + 10017*k + 34. What is r(43)?
-52
Let u(m) = -9468*m - 9451. Determine u(-1).
17
Let g(i) = -3*i**2 - 6639*i + 181417. Calculate g(27).
-23
Let z(b) = -2554*b + 467373. Give z(183).
-9
Let l(z) = -27754*z + 18622925. Determine l(671).
-9
Let z(b) = -60*b**2 + 1235*b + 2467. What is z(-2)?
-243
Let p(i) = i**2 - 588*i - 25780. What is p(-41)?
9
Let t(r) = 25*r**2 - 5582*r + 916. Give t(223).
-645
Let y(v) = 6*v**2 - 31*v + 7. Give y(5).
2
Let s(b) = b**2 + 124*b - 1785. Determine s(-137).
-4
Let i(n) = -n**2 + 3847*n + 38529. Calculate i(-10).
-41
Let x(l) = -9*l**3 + 1206*l**2 + 20114*l + 166. Calculate x(149).
17
Let b(x) = -x**3 + 142*x**2 + 3220*x - 25933. Calculate b(161).
-12
Let a(g) = g**2 + 3550*g - 24912. Determine a(7).
-13
Let a(m) = 2*m**2 + 192*m - 1063. Give a(-97).
-869
Let p(t) = 2987*t + 24016. Give p(-9).
-2867
Let h